{"id":84,"date":"2019-02-19T08:20:14","date_gmt":"2019-02-19T07:20:14","guid":{"rendered":"http:\/\/cameratamazovia.pl\/?page_id=84"},"modified":"2019-02-22T23:36:27","modified_gmt":"2019-02-22T22:36:27","slug":"dyrygent-i-kierownik-muzyczny","status":"publish","type":"page","link":"https:\/\/cameratamazovia.pl\/?page_id=84","title":{"rendered":"Dyrygent i kierownik muzyczny"},"content":{"rendered":"\n<p class=\"has-medium-font-size\"><strong>Artur Komorowski &#8211;<\/strong> kontrabasista, muzyk orkiestrowy, aran\u017cer, dyrygent, wsp\u00f3\u0142pracuj\u0105cy m.in. z Filharmoni\u0105 Bia\u0142ostock\u0105, Sinfoni\u0105 Varsovi\u0105, Polsk\u0105 Orkiestr\u0105 Radiow\u0105, Stats Bad Meinberg Kapelle, Teatrem Ateneum w Warszawie, Teatrem Dramatycznym w Warszawie. Wyst\u0119powa\u0142 z czo\u0142\u00f3wk\u0105 polskich artyst\u00f3w reprezentuj\u0105cych r\u00f3\u017cne rodzaje muzyki od klasyki do jazzu (Jan Krenz, Piotr Paleczny, Piotr Rubik, Janusz Stok\u0142osa, Zbigniew Namys\u0142owski, Hanna Banaszak i inni). Obecnie dyrektor Sochaczewskiego Centrum Kultury.<\/p>\n\n\n\n<figure class=\"wp-block-image is-resized\"><img fetchpriority=\"high\" decoding=\"async\" src=\"http:\/\/cameratamazovia.pl\/wp-content\/uploads\/2019\/02\/fot.-Sebastian-St\u0119pie\u0144-Artur-Komorowski-1024x683.jpg\" alt=\"\" class=\"wp-image-180\" width=\"542\" height=\"361\" srcset=\"https:\/\/cameratamazovia.pl\/wp-content\/uploads\/2019\/02\/fot.-Sebastian-St\u0119pie\u0144-Artur-Komorowski-1024x683.jpg 1024w, https:\/\/cameratamazovia.pl\/wp-content\/uploads\/2019\/02\/fot.-Sebastian-St\u0119pie\u0144-Artur-Komorowski-300x200.jpg 300w, https:\/\/cameratamazovia.pl\/wp-content\/uploads\/2019\/02\/fot.-Sebastian-St\u0119pie\u0144-Artur-Komorowski-768x512.jpg 768w, https:\/\/cameratamazovia.pl\/wp-content\/uploads\/2019\/02\/fot.-Sebastian-St\u0119pie\u0144-Artur-Komorowski-800x533.jpg 800w\" sizes=\"(max-width: 542px) 100vw, 542px\" \/><figcaption>fot. Sebastian St\u0119pie\u0144<\/figcaption><\/figure>\n","protected":false},"excerpt":{"rendered":"<p>Artur Komorowski &#8211; kontrabasista, muzyk orkiestrowy, aran\u017cer, dyrygent, wsp\u00f3\u0142pracuj\u0105cy m.in. z Filharmoni\u0105 Bia\u0142ostock\u0105, Sinfoni\u0105 Varsovi\u0105, Polsk\u0105 Orkiestr\u0105 Radiow\u0105, Stats Bad Meinberg Kapelle, Teatrem Ateneum w Warszawie, Teatrem Dramatycznym w Warszawie. Wyst\u0119powa\u0142 z czo\u0142\u00f3wk\u0105 polskich artyst\u00f3w reprezentuj\u0105cych r\u00f3\u017cne rodzaje muzyki od klasyki do jazzu (Jan Krenz, Piotr Paleczny, Piotr Rubik, Janusz Stok\u0142osa, Zbigniew Namys\u0142owski, Hanna Banaszak i inni). Obecnie dyrektor Sochaczewskiego&hellip;<\/p>\n","protected":false},"author":1,"featured_media":0,"parent":0,"menu_order":0,"comment_status":"closed","ping_status":"closed","template":"","meta":{"footnotes":""},"class_list":["post-84","page","type-page","status-publish","hentry"],"_links":{"self":[{"href":"https:\/\/cameratamazovia.pl\/index.php?rest_route=\/wp\/v2\/pages\/84","targetHints":{"allow":["GET"]}}],"collection":[{"href":"https:\/\/cameratamazovia.pl\/index.php?rest_route=\/wp\/v2\/pages"}],"about":[{"href":"https:\/\/cameratamazovia.pl\/index.php?rest_route=\/wp\/v2\/types\/page"}],"author":[{"embeddable":true,"href":"https:\/\/cameratamazovia.pl\/index.php?rest_route=\/wp\/v2\/users\/1"}],"replies":[{"embeddable":true,"href":"https:\/\/cameratamazovia.pl\/index.php?rest_route=%2Fwp%2Fv2%2Fcomments&post=84"}],"version-history":[{"count":4,"href":"https:\/\/cameratamazovia.pl\/index.php?rest_route=\/wp\/v2\/pages\/84\/revisions"}],"predecessor-version":[{"id":462,"href":"https:\/\/cameratamazovia.pl\/index.php?rest_route=\/wp\/v2\/pages\/84\/revisions\/462"}],"wp:attachment":[{"href":"https:\/\/cameratamazovia.pl\/index.php?rest_route=%2Fwp%2Fv2%2Fmedia&parent=84"}],"curies":[{"name":"wp","href":"https:\/\/api.w.org\/{rel}","templated":true}]}}