{"id":51,"date":"2019-02-19T04:02:09","date_gmt":"2019-02-19T03:02:09","guid":{"rendered":"http:\/\/cameratamazovia.pl\/?page_id=51"},"modified":"2019-02-23T00:19:45","modified_gmt":"2019-02-22T23:19:45","slug":"2017-2","status":"publish","type":"page","link":"https:\/\/cameratamazovia.pl\/?page_id=51","title":{"rendered":"2017"},"content":{"rendered":"\n<p class=\"has-drop-cap has-medium-font-size\"><strong><br><\/strong>Cykl\nkoncert\u00f3w symfonicznych \u201e<strong>Muzyka\npolska w kontek\u015bcie chrze\u015bcija\u0144skiej to\u017csamo\u015bci narodu\u201d<\/strong>\n&#8211; Koncerty w Polsce i na Litwie.<\/p>\n\n\n\n<p class=\"has-medium-font-size\">W pa\u017adzierniku 2017  orkiestra uda\u0142a si\u0119 na Litw\u0119 gdzie wyst\u0105pi\u0142a w Pa\u0142acu Tyszkiewicz\u00f3w w Zatroczu i w polskim ko\u015bciele pw. Wniebowzi\u0119cia Naj\u015bwi\u0119tszej Maryi Panny w Wilnie. Kolejne koncerty symfoniczne orkiestry finansowane przez Ministerstwo Kultury i Dziedzictwa Narodowego odby\u0142y si\u0119 w ko\u015bciele \u015bw. Wawrzy\u0144ca w Sochaczewie (11 listopada 2017) i ko\u015bciele w \u017byrardowie oraz w O\u0142tarzewie.<\/p>\n\n\n\n<ul class=\"wp-block-gallery columns-3 is-cropped wp-block-gallery-1 is-layout-flex wp-block-gallery-is-layout-flex\"><li class=\"blocks-gallery-item\"><figure><img fetchpriority=\"high\" decoding=\"async\" width=\"1024\" height=\"819\" src=\"http:\/\/cameratamazovia.pl\/wp-content\/uploads\/2019\/02\/4-2-1024x819.jpg\" alt=\"\" data-id=\"468\" data-link=\"http:\/\/cameratamazovia.pl\/?attachment_id=468\" class=\"wp-image-468\" srcset=\"https:\/\/cameratamazovia.pl\/wp-content\/uploads\/2019\/02\/4-2-1024x819.jpg 1024w, https:\/\/cameratamazovia.pl\/wp-content\/uploads\/2019\/02\/4-2-300x240.jpg 300w, https:\/\/cameratamazovia.pl\/wp-content\/uploads\/2019\/02\/4-2-768x614.jpg 768w, https:\/\/cameratamazovia.pl\/wp-content\/uploads\/2019\/02\/4-2-800x640.jpg 800w\" sizes=\"(max-width: 1024px) 100vw, 1024px\" \/><\/figure><\/li><li class=\"blocks-gallery-item\"><figure><img decoding=\"async\" width=\"819\" height=\"1024\" src=\"http:\/\/cameratamazovia.pl\/wp-content\/uploads\/2019\/02\/5-2-819x1024.jpg\" alt=\"\" data-id=\"469\" data-link=\"http:\/\/cameratamazovia.pl\/?attachment_id=469\" class=\"wp-image-469\" srcset=\"https:\/\/cameratamazovia.pl\/wp-content\/uploads\/2019\/02\/5-2-819x1024.jpg 819w, https:\/\/cameratamazovia.pl\/wp-content\/uploads\/2019\/02\/5-2-240x300.jpg 240w, https:\/\/cameratamazovia.pl\/wp-content\/uploads\/2019\/02\/5-2-768x960.jpg 768w, https:\/\/cameratamazovia.pl\/wp-content\/uploads\/2019\/02\/5-2-800x1000.jpg 800w\" sizes=\"(max-width: 819px) 100vw, 819px\" \/><\/figure><\/li><li class=\"blocks-gallery-item\"><figure><img decoding=\"async\" width=\"1024\" height=\"819\" src=\"http:\/\/cameratamazovia.pl\/wp-content\/uploads\/2019\/02\/6-2-1024x819.jpg\" alt=\"\" data-id=\"470\" data-link=\"http:\/\/cameratamazovia.pl\/?attachment_id=470\" class=\"wp-image-470\" srcset=\"https:\/\/cameratamazovia.pl\/wp-content\/uploads\/2019\/02\/6-2-1024x819.jpg 1024w, https:\/\/cameratamazovia.pl\/wp-content\/uploads\/2019\/02\/6-2-300x240.jpg 300w, https:\/\/cameratamazovia.pl\/wp-content\/uploads\/2019\/02\/6-2-768x614.jpg 768w, https:\/\/cameratamazovia.pl\/wp-content\/uploads\/2019\/02\/6-2-800x640.jpg 800w\" sizes=\"(max-width: 1024px) 100vw, 1024px\" \/><\/figure><\/li><li class=\"blocks-gallery-item\"><figure><img loading=\"lazy\" decoding=\"async\" width=\"1024\" height=\"819\" src=\"http:\/\/cameratamazovia.pl\/wp-content\/uploads\/2019\/02\/7-2-1024x819.jpg\" alt=\"\" data-id=\"471\" data-link=\"http:\/\/cameratamazovia.pl\/?attachment_id=471\" class=\"wp-image-471\" srcset=\"https:\/\/cameratamazovia.pl\/wp-content\/uploads\/2019\/02\/7-2-1024x819.jpg 1024w, https:\/\/cameratamazovia.pl\/wp-content\/uploads\/2019\/02\/7-2-300x240.jpg 300w, https:\/\/cameratamazovia.pl\/wp-content\/uploads\/2019\/02\/7-2-768x614.jpg 768w, https:\/\/cameratamazovia.pl\/wp-content\/uploads\/2019\/02\/7-2-800x640.jpg 800w\" sizes=\"(max-width: 1024px) 100vw, 1024px\" \/><\/figure><\/li><li class=\"blocks-gallery-item\"><figure><img loading=\"lazy\" decoding=\"async\" width=\"1024\" height=\"819\" src=\"http:\/\/cameratamazovia.pl\/wp-content\/uploads\/2019\/02\/8-2-1024x819.jpg\" alt=\"\" data-id=\"472\" data-link=\"http:\/\/cameratamazovia.pl\/?attachment_id=472\" class=\"wp-image-472\" srcset=\"https:\/\/cameratamazovia.pl\/wp-content\/uploads\/2019\/02\/8-2-1024x819.jpg 1024w, https:\/\/cameratamazovia.pl\/wp-content\/uploads\/2019\/02\/8-2-300x240.jpg 300w, https:\/\/cameratamazovia.pl\/wp-content\/uploads\/2019\/02\/8-2-768x614.jpg 768w, https:\/\/cameratamazovia.pl\/wp-content\/uploads\/2019\/02\/8-2-800x640.jpg 800w\" sizes=\"(max-width: 1024px) 100vw, 1024px\" \/><\/figure><\/li><li class=\"blocks-gallery-item\"><figure><img loading=\"lazy\" decoding=\"async\" width=\"1024\" height=\"819\" src=\"http:\/\/cameratamazovia.pl\/wp-content\/uploads\/2019\/02\/9-2-1024x819.jpg\" alt=\"\" data-id=\"473\" data-link=\"http:\/\/cameratamazovia.pl\/?attachment_id=473\" class=\"wp-image-473\" srcset=\"https:\/\/cameratamazovia.pl\/wp-content\/uploads\/2019\/02\/9-2-1024x819.jpg 1024w, https:\/\/cameratamazovia.pl\/wp-content\/uploads\/2019\/02\/9-2-300x240.jpg 300w, https:\/\/cameratamazovia.pl\/wp-content\/uploads\/2019\/02\/9-2-768x614.jpg 768w, https:\/\/cameratamazovia.pl\/wp-content\/uploads\/2019\/02\/9-2-800x640.jpg 800w\" sizes=\"(max-width: 1024px) 100vw, 1024px\" \/><\/figure><\/li><li class=\"blocks-gallery-item\"><figure><img loading=\"lazy\" decoding=\"async\" width=\"1024\" height=\"819\" src=\"http:\/\/cameratamazovia.pl\/wp-content\/uploads\/2019\/02\/12-1-1024x819.jpg\" alt=\"\" data-id=\"476\" data-link=\"http:\/\/cameratamazovia.pl\/?attachment_id=476\" class=\"wp-image-476\" srcset=\"https:\/\/cameratamazovia.pl\/wp-content\/uploads\/2019\/02\/12-1-1024x819.jpg 1024w, https:\/\/cameratamazovia.pl\/wp-content\/uploads\/2019\/02\/12-1-300x240.jpg 300w, https:\/\/cameratamazovia.pl\/wp-content\/uploads\/2019\/02\/12-1-768x614.jpg 768w, https:\/\/cameratamazovia.pl\/wp-content\/uploads\/2019\/02\/12-1-800x640.jpg 800w\" sizes=\"(max-width: 1024px) 100vw, 1024px\" \/><\/figure><\/li><li class=\"blocks-gallery-item\"><figure><img loading=\"lazy\" decoding=\"async\" width=\"1024\" height=\"819\" src=\"http:\/\/cameratamazovia.pl\/wp-content\/uploads\/2019\/02\/11-1-1024x819.jpg\" alt=\"\" data-id=\"475\" data-link=\"http:\/\/cameratamazovia.pl\/?attachment_id=475\" class=\"wp-image-475\" srcset=\"https:\/\/cameratamazovia.pl\/wp-content\/uploads\/2019\/02\/11-1-1024x819.jpg 1024w, https:\/\/cameratamazovia.pl\/wp-content\/uploads\/2019\/02\/11-1-300x240.jpg 300w, https:\/\/cameratamazovia.pl\/wp-content\/uploads\/2019\/02\/11-1-768x614.jpg 768w, https:\/\/cameratamazovia.pl\/wp-content\/uploads\/2019\/02\/11-1-800x640.jpg 800w\" sizes=\"(max-width: 1024px) 100vw, 1024px\" \/><\/figure><\/li><li class=\"blocks-gallery-item\"><figure><img loading=\"lazy\" decoding=\"async\" width=\"1024\" height=\"819\" src=\"http:\/\/cameratamazovia.pl\/wp-content\/uploads\/2019\/02\/14-1-1024x819.jpg\" alt=\"\" data-id=\"478\" data-link=\"http:\/\/cameratamazovia.pl\/?attachment_id=478\" class=\"wp-image-478\" srcset=\"https:\/\/cameratamazovia.pl\/wp-content\/uploads\/2019\/02\/14-1-1024x819.jpg 1024w, https:\/\/cameratamazovia.pl\/wp-content\/uploads\/2019\/02\/14-1-300x240.jpg 300w, https:\/\/cameratamazovia.pl\/wp-content\/uploads\/2019\/02\/14-1-768x614.jpg 768w, https:\/\/cameratamazovia.pl\/wp-content\/uploads\/2019\/02\/14-1-800x640.jpg 800w\" sizes=\"(max-width: 1024px) 100vw, 1024px\" \/><\/figure><\/li><li class=\"blocks-gallery-item\"><figure><img loading=\"lazy\" decoding=\"async\" width=\"1024\" height=\"819\" src=\"http:\/\/cameratamazovia.pl\/wp-content\/uploads\/2019\/02\/15-1024x819.jpg\" alt=\"\" data-id=\"479\" data-link=\"http:\/\/cameratamazovia.pl\/?attachment_id=479\" class=\"wp-image-479\" srcset=\"https:\/\/cameratamazovia.pl\/wp-content\/uploads\/2019\/02\/15-1024x819.jpg 1024w, https:\/\/cameratamazovia.pl\/wp-content\/uploads\/2019\/02\/15-300x240.jpg 300w, https:\/\/cameratamazovia.pl\/wp-content\/uploads\/2019\/02\/15-768x614.jpg 768w, https:\/\/cameratamazovia.pl\/wp-content\/uploads\/2019\/02\/15-800x640.jpg 800w\" sizes=\"(max-width: 1024px) 100vw, 1024px\" \/><\/figure><\/li><li class=\"blocks-gallery-item\"><figure><img loading=\"lazy\" decoding=\"async\" width=\"1024\" height=\"819\" src=\"http:\/\/cameratamazovia.pl\/wp-content\/uploads\/2019\/02\/16-1024x819.jpg\" alt=\"\" data-id=\"480\" data-link=\"http:\/\/cameratamazovia.pl\/?attachment_id=480\" class=\"wp-image-480\" srcset=\"https:\/\/cameratamazovia.pl\/wp-content\/uploads\/2019\/02\/16-1024x819.jpg 1024w, https:\/\/cameratamazovia.pl\/wp-content\/uploads\/2019\/02\/16-300x240.jpg 300w, https:\/\/cameratamazovia.pl\/wp-content\/uploads\/2019\/02\/16-768x614.jpg 768w, https:\/\/cameratamazovia.pl\/wp-content\/uploads\/2019\/02\/16-800x640.jpg 800w\" sizes=\"(max-width: 1024px) 100vw, 1024px\" \/><\/figure><\/li><li class=\"blocks-gallery-item\"><figure><img loading=\"lazy\" decoding=\"async\" width=\"1024\" height=\"819\" src=\"http:\/\/cameratamazovia.pl\/wp-content\/uploads\/2019\/02\/17-1024x819.jpg\" alt=\"\" data-id=\"481\" data-link=\"http:\/\/cameratamazovia.pl\/?attachment_id=481\" class=\"wp-image-481\" srcset=\"https:\/\/cameratamazovia.pl\/wp-content\/uploads\/2019\/02\/17-1024x819.jpg 1024w, https:\/\/cameratamazovia.pl\/wp-content\/uploads\/2019\/02\/17-300x240.jpg 300w, https:\/\/cameratamazovia.pl\/wp-content\/uploads\/2019\/02\/17-768x614.jpg 768w, https:\/\/cameratamazovia.pl\/wp-content\/uploads\/2019\/02\/17-800x640.jpg 800w\" sizes=\"(max-width: 1024px) 100vw, 1024px\" \/><\/figure><\/li><li class=\"blocks-gallery-item\"><figure><img loading=\"lazy\" decoding=\"async\" width=\"1024\" height=\"819\" src=\"http:\/\/cameratamazovia.pl\/wp-content\/uploads\/2019\/02\/10-1-1024x819.jpg\" alt=\"\" data-id=\"474\" data-link=\"http:\/\/cameratamazovia.pl\/?attachment_id=474\" class=\"wp-image-474\" srcset=\"https:\/\/cameratamazovia.pl\/wp-content\/uploads\/2019\/02\/10-1-1024x819.jpg 1024w, https:\/\/cameratamazovia.pl\/wp-content\/uploads\/2019\/02\/10-1-300x240.jpg 300w, https:\/\/cameratamazovia.pl\/wp-content\/uploads\/2019\/02\/10-1-768x614.jpg 768w, https:\/\/cameratamazovia.pl\/wp-content\/uploads\/2019\/02\/10-1-800x640.jpg 800w\" sizes=\"(max-width: 1024px) 100vw, 1024px\" \/><\/figure><\/li><li class=\"blocks-gallery-item\"><figure><img loading=\"lazy\" decoding=\"async\" width=\"1024\" height=\"819\" src=\"http:\/\/cameratamazovia.pl\/wp-content\/uploads\/2019\/02\/13-1-1024x819.jpg\" alt=\"\" data-id=\"477\" data-link=\"http:\/\/cameratamazovia.pl\/?attachment_id=477\" class=\"wp-image-477\" srcset=\"https:\/\/cameratamazovia.pl\/wp-content\/uploads\/2019\/02\/13-1-1024x819.jpg 1024w, https:\/\/cameratamazovia.pl\/wp-content\/uploads\/2019\/02\/13-1-300x240.jpg 300w, https:\/\/cameratamazovia.pl\/wp-content\/uploads\/2019\/02\/13-1-768x614.jpg 768w, https:\/\/cameratamazovia.pl\/wp-content\/uploads\/2019\/02\/13-1-800x640.jpg 800w\" sizes=\"(max-width: 1024px) 100vw, 1024px\" \/><\/figure><\/li><li class=\"blocks-gallery-item\"><figure><img loading=\"lazy\" decoding=\"async\" width=\"1024\" height=\"731\" src=\"http:\/\/cameratamazovia.pl\/wp-content\/uploads\/2019\/02\/2-3-1024x731.jpg\" alt=\"\" data-id=\"466\" data-link=\"http:\/\/cameratamazovia.pl\/?attachment_id=466\" class=\"wp-image-466\" srcset=\"https:\/\/cameratamazovia.pl\/wp-content\/uploads\/2019\/02\/2-3-1024x731.jpg 1024w, https:\/\/cameratamazovia.pl\/wp-content\/uploads\/2019\/02\/2-3-300x214.jpg 300w, https:\/\/cameratamazovia.pl\/wp-content\/uploads\/2019\/02\/2-3-768x549.jpg 768w, https:\/\/cameratamazovia.pl\/wp-content\/uploads\/2019\/02\/2-3-800x571.jpg 800w\" sizes=\"(max-width: 1024px) 100vw, 1024px\" \/><\/figure><\/li><li class=\"blocks-gallery-item\"><figure><img loading=\"lazy\" decoding=\"async\" width=\"1024\" height=\"819\" src=\"http:\/\/cameratamazovia.pl\/wp-content\/uploads\/2019\/02\/3-3-1024x819.jpg\" alt=\"\" data-id=\"467\" data-link=\"http:\/\/cameratamazovia.pl\/?attachment_id=467\" class=\"wp-image-467\" srcset=\"https:\/\/cameratamazovia.pl\/wp-content\/uploads\/2019\/02\/3-3-1024x819.jpg 1024w, https:\/\/cameratamazovia.pl\/wp-content\/uploads\/2019\/02\/3-3-300x240.jpg 300w, https:\/\/cameratamazovia.pl\/wp-content\/uploads\/2019\/02\/3-3-768x614.jpg 768w, https:\/\/cameratamazovia.pl\/wp-content\/uploads\/2019\/02\/3-3-800x640.jpg 800w\" sizes=\"(max-width: 1024px) 100vw, 1024px\" \/><\/figure><\/li><li class=\"blocks-gallery-item\"><figure><img loading=\"lazy\" decoding=\"async\" width=\"1024\" height=\"819\" src=\"http:\/\/cameratamazovia.pl\/wp-content\/uploads\/2019\/02\/18-1024x819.jpg\" alt=\"\" data-id=\"482\" data-link=\"http:\/\/cameratamazovia.pl\/?attachment_id=482\" class=\"wp-image-482\" srcset=\"https:\/\/cameratamazovia.pl\/wp-content\/uploads\/2019\/02\/18-1024x819.jpg 1024w, https:\/\/cameratamazovia.pl\/wp-content\/uploads\/2019\/02\/18-300x240.jpg 300w, https:\/\/cameratamazovia.pl\/wp-content\/uploads\/2019\/02\/18-768x614.jpg 768w, https:\/\/cameratamazovia.pl\/wp-content\/uploads\/2019\/02\/18-800x640.jpg 800w\" sizes=\"(max-width: 1024px) 100vw, 1024px\" \/><\/figure><\/li><li class=\"blocks-gallery-item\"><figure><img loading=\"lazy\" decoding=\"async\" width=\"5906\" height=\"4724\" src=\"http:\/\/cameratamazovia.pl\/wp-content\/uploads\/2019\/02\/19-1024x819.jpg\" alt=\"\" data-id=\"483\" data-link=\"http:\/\/cameratamazovia.pl\/?attachment_id=483\" class=\"wp-image-483\" srcset=\"https:\/\/cameratamazovia.pl\/wp-content\/uploads\/2019\/02\/19-1024x819.jpg 1024w, https:\/\/cameratamazovia.pl\/wp-content\/uploads\/2019\/02\/19-300x240.jpg 300w, https:\/\/cameratamazovia.pl\/wp-content\/uploads\/2019\/02\/19-768x614.jpg 768w, https:\/\/cameratamazovia.pl\/wp-content\/uploads\/2019\/02\/19-800x640.jpg 800w\" sizes=\"(max-width: 5906px) 100vw, 5906px\" \/><\/figure><\/li><li class=\"blocks-gallery-item\"><figure><img loading=\"lazy\" decoding=\"async\" width=\"1024\" height=\"819\" src=\"http:\/\/cameratamazovia.pl\/wp-content\/uploads\/2019\/02\/20-1024x819.jpg\" alt=\"\" data-id=\"484\" data-link=\"http:\/\/cameratamazovia.pl\/?attachment_id=484\" class=\"wp-image-484\" srcset=\"https:\/\/cameratamazovia.pl\/wp-content\/uploads\/2019\/02\/20-1024x819.jpg 1024w, https:\/\/cameratamazovia.pl\/wp-content\/uploads\/2019\/02\/20-300x240.jpg 300w, https:\/\/cameratamazovia.pl\/wp-content\/uploads\/2019\/02\/20-768x614.jpg 768w, https:\/\/cameratamazovia.pl\/wp-content\/uploads\/2019\/02\/20-800x640.jpg 800w\" sizes=\"(max-width: 1024px) 100vw, 1024px\" \/><\/figure><\/li><li class=\"blocks-gallery-item\"><figure><img loading=\"lazy\" decoding=\"async\" width=\"1024\" height=\"819\" src=\"http:\/\/cameratamazovia.pl\/wp-content\/uploads\/2019\/02\/21-1024x819.jpg\" alt=\"\" data-id=\"485\" data-link=\"http:\/\/cameratamazovia.pl\/?attachment_id=485\" class=\"wp-image-485\" srcset=\"https:\/\/cameratamazovia.pl\/wp-content\/uploads\/2019\/02\/21-1024x819.jpg 1024w, https:\/\/cameratamazovia.pl\/wp-content\/uploads\/2019\/02\/21-300x240.jpg 300w, https:\/\/cameratamazovia.pl\/wp-content\/uploads\/2019\/02\/21-768x614.jpg 768w, https:\/\/cameratamazovia.pl\/wp-content\/uploads\/2019\/02\/21-800x640.jpg 800w\" sizes=\"(max-width: 1024px) 100vw, 1024px\" \/><\/figure><\/li><li class=\"blocks-gallery-item\"><figure><img loading=\"lazy\" decoding=\"async\" width=\"1024\" height=\"819\" src=\"http:\/\/cameratamazovia.pl\/wp-content\/uploads\/2019\/02\/22-1024x819.jpg\" alt=\"\" data-id=\"486\" data-link=\"http:\/\/cameratamazovia.pl\/?attachment_id=486\" class=\"wp-image-486\" srcset=\"https:\/\/cameratamazovia.pl\/wp-content\/uploads\/2019\/02\/22-1024x819.jpg 1024w, https:\/\/cameratamazovia.pl\/wp-content\/uploads\/2019\/02\/22-300x240.jpg 300w, https:\/\/cameratamazovia.pl\/wp-content\/uploads\/2019\/02\/22-768x614.jpg 768w, https:\/\/cameratamazovia.pl\/wp-content\/uploads\/2019\/02\/22-800x640.jpg 800w\" sizes=\"(max-width: 1024px) 100vw, 1024px\" \/><\/figure><\/li><li class=\"blocks-gallery-item\"><figure><img loading=\"lazy\" decoding=\"async\" width=\"1024\" height=\"819\" src=\"http:\/\/cameratamazovia.pl\/wp-content\/uploads\/2019\/02\/23-1024x819.jpg\" alt=\"\" data-id=\"487\" data-link=\"http:\/\/cameratamazovia.pl\/?attachment_id=487\" class=\"wp-image-487\" srcset=\"https:\/\/cameratamazovia.pl\/wp-content\/uploads\/2019\/02\/23-1024x819.jpg 1024w, https:\/\/cameratamazovia.pl\/wp-content\/uploads\/2019\/02\/23-300x240.jpg 300w, https:\/\/cameratamazovia.pl\/wp-content\/uploads\/2019\/02\/23-768x614.jpg 768w, https:\/\/cameratamazovia.pl\/wp-content\/uploads\/2019\/02\/23-800x640.jpg 800w\" sizes=\"(max-width: 1024px) 100vw, 1024px\" \/><\/figure><\/li><li class=\"blocks-gallery-item\"><figure><img loading=\"lazy\" decoding=\"async\" width=\"1024\" height=\"819\" src=\"http:\/\/cameratamazovia.pl\/wp-content\/uploads\/2019\/02\/24-1024x819.jpg\" alt=\"\" data-id=\"488\" data-link=\"http:\/\/cameratamazovia.pl\/?attachment_id=488\" class=\"wp-image-488\" srcset=\"https:\/\/cameratamazovia.pl\/wp-content\/uploads\/2019\/02\/24-1024x819.jpg 1024w, https:\/\/cameratamazovia.pl\/wp-content\/uploads\/2019\/02\/24-300x240.jpg 300w, https:\/\/cameratamazovia.pl\/wp-content\/uploads\/2019\/02\/24-768x614.jpg 768w, https:\/\/cameratamazovia.pl\/wp-content\/uploads\/2019\/02\/24-800x640.jpg 800w\" sizes=\"(max-width: 1024px) 100vw, 1024px\" \/><\/figure><\/li><li class=\"blocks-gallery-item\"><figure><img loading=\"lazy\" decoding=\"async\" width=\"1024\" height=\"819\" src=\"http:\/\/cameratamazovia.pl\/wp-content\/uploads\/2019\/02\/25-1024x819.jpg\" alt=\"\" data-id=\"489\" data-link=\"http:\/\/cameratamazovia.pl\/?attachment_id=489\" class=\"wp-image-489\" srcset=\"https:\/\/cameratamazovia.pl\/wp-content\/uploads\/2019\/02\/25-1024x819.jpg 1024w, https:\/\/cameratamazovia.pl\/wp-content\/uploads\/2019\/02\/25-300x240.jpg 300w, https:\/\/cameratamazovia.pl\/wp-content\/uploads\/2019\/02\/25-768x614.jpg 768w, https:\/\/cameratamazovia.pl\/wp-content\/uploads\/2019\/02\/25-800x640.jpg 800w\" sizes=\"(max-width: 1024px) 100vw, 1024px\" \/><\/figure><\/li><li class=\"blocks-gallery-item\"><figure><img loading=\"lazy\" decoding=\"async\" width=\"1024\" height=\"819\" src=\"http:\/\/cameratamazovia.pl\/wp-content\/uploads\/2019\/02\/26-1024x819.jpg\" alt=\"\" data-id=\"490\" data-link=\"http:\/\/cameratamazovia.pl\/?attachment_id=490\" class=\"wp-image-490\" srcset=\"https:\/\/cameratamazovia.pl\/wp-content\/uploads\/2019\/02\/26-1024x819.jpg 1024w, https:\/\/cameratamazovia.pl\/wp-content\/uploads\/2019\/02\/26-300x240.jpg 300w, https:\/\/cameratamazovia.pl\/wp-content\/uploads\/2019\/02\/26-768x614.jpg 768w, https:\/\/cameratamazovia.pl\/wp-content\/uploads\/2019\/02\/26-800x640.jpg 800w\" sizes=\"(max-width: 1024px) 100vw, 1024px\" \/><\/figure><\/li><\/ul>\n","protected":false},"excerpt":{"rendered":"<p>Cykl koncert\u00f3w symfonicznych \u201eMuzyka polska w kontek\u015bcie chrze\u015bcija\u0144skiej to\u017csamo\u015bci narodu\u201d &#8211; Koncerty w Polsce i na Litwie. W pa\u017adzierniku 2017 orkiestra uda\u0142a si\u0119 na Litw\u0119 gdzie wyst\u0105pi\u0142a w Pa\u0142acu Tyszkiewicz\u00f3w w Zatroczu i w polskim ko\u015bciele pw. Wniebowzi\u0119cia Naj\u015bwi\u0119tszej Maryi Panny w Wilnie. Kolejne koncerty symfoniczne orkiestry finansowane przez Ministerstwo Kultury i Dziedzictwa Narodowego odby\u0142y si\u0119 w ko\u015bciele \u015bw. Wawrzy\u0144ca&hellip;<\/p>\n","protected":false},"author":1,"featured_media":0,"parent":0,"menu_order":0,"comment_status":"closed","ping_status":"closed","template":"","meta":{"footnotes":""},"class_list":["post-51","page","type-page","status-publish","hentry"],"_links":{"self":[{"href":"https:\/\/cameratamazovia.pl\/index.php?rest_route=\/wp\/v2\/pages\/51","targetHints":{"allow":["GET"]}}],"collection":[{"href":"https:\/\/cameratamazovia.pl\/index.php?rest_route=\/wp\/v2\/pages"}],"about":[{"href":"https:\/\/cameratamazovia.pl\/index.php?rest_route=\/wp\/v2\/types\/page"}],"author":[{"embeddable":true,"href":"https:\/\/cameratamazovia.pl\/index.php?rest_route=\/wp\/v2\/users\/1"}],"replies":[{"embeddable":true,"href":"https:\/\/cameratamazovia.pl\/index.php?rest_route=%2Fwp%2Fv2%2Fcomments&post=51"}],"version-history":[{"count":5,"href":"https:\/\/cameratamazovia.pl\/index.php?rest_route=\/wp\/v2\/pages\/51\/revisions"}],"predecessor-version":[{"id":493,"href":"https:\/\/cameratamazovia.pl\/index.php?rest_route=\/wp\/v2\/pages\/51\/revisions\/493"}],"wp:attachment":[{"href":"https:\/\/cameratamazovia.pl\/index.php?rest_route=%2Fwp%2Fv2%2Fmedia&parent=51"}],"curies":[{"name":"wp","href":"https:\/\/api.w.org\/{rel}","templated":true}]}}