{"id":41,"date":"2019-02-19T02:02:18","date_gmt":"2019-02-19T01:02:18","guid":{"rendered":"http:\/\/cameratamazovia.pl\/?page_id=41"},"modified":"2019-02-19T02:02:18","modified_gmt":"2019-02-19T01:02:18","slug":"2010%ef%bb%bf","status":"publish","type":"page","link":"https:\/\/cameratamazovia.pl\/?page_id=41","title":{"rendered":"2010\ufeff"},"content":{"rendered":"\n<p class=\"has-drop-cap has-medium-font-size\">Orkiestra\nnawi\u0105za\u0142a wsp\u00f3\u0142prac\u0119 z Centrum Kultury w \u017byrardowie, kt\u00f3rej\nefektem by\u0142 udzia\u0142 w prawykonaniu musicalu <strong>Kr\u00f3lowa\nKwiat\u00f3w<\/strong>\nwed\u0142ug pomys\u0142u Krzysztofa Gwiazdy do muzyki Zbigniewa S\u0142owika.\nKr\u00f3lowa Kwiat\u00f3w to projekt artystyczny oparty na fabule ba\u015bni\nCalineczka, integruj\u0105cy ok. 100 wykonawc\u00f3w: dzieci\u0119ce i\nm\u0142odzie\u017cowe zespo\u0142y wokalne, taneczne oraz teatralne, w kt\u00f3rych\nuczestnicz\u0105 r\u00f3wnie\u017c dzieci niepe\u0142nosprawne. Prapremiera spektaklu\nodby\u0142a si\u0119 w styczniu 2010 roku w \u017byrardowie, projekt powt\u00f3rzono\ntak\u017ce w Sochaczewie.\n<\/p>\n","protected":false},"excerpt":{"rendered":"<p>Orkiestra nawi\u0105za\u0142a wsp\u00f3\u0142prac\u0119 z Centrum Kultury w \u017byrardowie, kt\u00f3rej efektem by\u0142 udzia\u0142 w prawykonaniu musicalu Kr\u00f3lowa Kwiat\u00f3w wed\u0142ug pomys\u0142u Krzysztofa Gwiazdy do muzyki Zbigniewa S\u0142owika. Kr\u00f3lowa Kwiat\u00f3w to projekt artystyczny oparty na fabule ba\u015bni Calineczka, integruj\u0105cy ok. 100 wykonawc\u00f3w: dzieci\u0119ce i m\u0142odzie\u017cowe zespo\u0142y wokalne, taneczne oraz teatralne, w kt\u00f3rych uczestnicz\u0105 r\u00f3wnie\u017c dzieci niepe\u0142nosprawne. Prapremiera spektaklu odby\u0142a si\u0119 w styczniu 2010&hellip;<\/p>\n","protected":false},"author":1,"featured_media":0,"parent":0,"menu_order":0,"comment_status":"closed","ping_status":"closed","template":"","meta":{"footnotes":""},"class_list":["post-41","page","type-page","status-publish","hentry"],"_links":{"self":[{"href":"https:\/\/cameratamazovia.pl\/index.php?rest_route=\/wp\/v2\/pages\/41","targetHints":{"allow":["GET"]}}],"collection":[{"href":"https:\/\/cameratamazovia.pl\/index.php?rest_route=\/wp\/v2\/pages"}],"about":[{"href":"https:\/\/cameratamazovia.pl\/index.php?rest_route=\/wp\/v2\/types\/page"}],"author":[{"embeddable":true,"href":"https:\/\/cameratamazovia.pl\/index.php?rest_route=\/wp\/v2\/users\/1"}],"replies":[{"embeddable":true,"href":"https:\/\/cameratamazovia.pl\/index.php?rest_route=%2Fwp%2Fv2%2Fcomments&post=41"}],"version-history":[{"count":1,"href":"https:\/\/cameratamazovia.pl\/index.php?rest_route=\/wp\/v2\/pages\/41\/revisions"}],"predecessor-version":[{"id":42,"href":"https:\/\/cameratamazovia.pl\/index.php?rest_route=\/wp\/v2\/pages\/41\/revisions\/42"}],"wp:attachment":[{"href":"https:\/\/cameratamazovia.pl\/index.php?rest_route=%2Fwp%2Fv2%2Fmedia&parent=41"}],"curies":[{"name":"wp","href":"https:\/\/api.w.org\/{rel}","templated":true}]}}

<p class="has-drop-cap has-medium-font-size">Orkiestra
nawiązała współpracę z Centrum Kultury w Żyrardowie, której
efektem był udział w prawykonaniu musicalu <strong>Królowa
Kwiatów</strong>
według pomysłu Krzysztofa Gwiazdy do muzyki Zbigniewa Słowika.
Królowa Kwiatów to projekt artystyczny oparty na fabule baśni
Calineczka, integrujący ok. 100 wykonawców: dziecięce i
młodzieżowe zespoły wokalne, taneczne oraz teatralne, w których
uczestniczą również dzieci niepełnosprawne. Prapremiera spektaklu
odbyła się w styczniu 2010 roku w Żyrardowie, projekt powtórzono
także w Sochaczewie.
</p>

<p>Orkiestra nawiązała współpracę z Centrum Kultury w Żyrardowie, której efektem był udział w prawykonaniu musicalu Królowa Kwiatów według pomysłu Krzysztofa Gwiazdy do muzyki Zbigniewa Słowika. Królowa Kwiatów to projekt artystyczny oparty na fabule baśni Calineczka, integrujący ok. 100 wykonawców: dziecięce i młodzieżowe zespoły wokalne, taneczne oraz teatralne, w których uczestniczą również dzieci niepełnosprawne. Prapremiera spektaklu odbyła się w styczniu 2010&hellip;</p>
