{"id":24,"date":"2019-02-19T01:50:11","date_gmt":"2019-02-19T00:50:11","guid":{"rendered":"http:\/\/cameratamazovia.pl\/?page_id=24"},"modified":"2019-02-19T01:50:11","modified_gmt":"2019-02-19T00:50:11","slug":"%ef%bb%bfhistoria","status":"publish","type":"page","link":"https:\/\/cameratamazovia.pl\/?page_id=24","title":{"rendered":"\ufeffHistoria"},"content":{"rendered":"\n<p class=\"has-medium-font-size\"><strong>Orkiestra Camerata Mazovia powsta\u0142a w 2004 r. na bazie zespo\u0142u dzia\u0142aj\u0105cego w by\u0142ym Klubie Nauczyciela. Zesp\u00f3\u0142 ten prowadzi\u0142 Mieczys\u0142aw Nowacki &#8211; za\u0142o\u017cyciel Szko\u0142y Muzycznej w Sochaczewie i jej wieloletni dyrektor. Do dzisiaj wielu muzyk\u00f3w Cameraty to osoby wywodz\u0105ce si\u0119 z tej w\u0142a\u015bnie formacji.  <\/strong><\/p>\n\n\n\n<p class=\"has-medium-font-size\">Artur Komorowski zastosowa\u0142 inn\u0105 formu\u0142\u0119 organizacyjn\u0105 przyjmuj\u0105c straussowski model orkiestry, kt\u00f3ry najpe\u0142niej realizuje za\u0142o\u017cenia wykonawcze dla tego typu zespo\u0142\u00f3w. Jednocze\u015bnie przyj\u0119to nazw\u0119 Camerata Mazovia i nied\u0142ugo potem zesp\u00f3\u0142 zmieni\u0142 swoj\u0105 siedzib\u0119 przenosz\u0105c si\u0119 do budynku przy ul. 15 Sierpnia 83. <\/p>\n\n\n\n<p class=\"has-medium-font-size\">Od\n2006 roku orkiestra wsp\u00f3\u0142pracuje z solistami Teatru Wielkiego w\n\u0141odzi. Wsp\u00f3\u0142praca ta zaowocowa\u0142a rozszerzeniem repertuaru\norkiestry o utwory operowe, operetkowe oraz musicalowe. Orkiestra\nuczestniczy\u0142a w wielu koncertach z towarzyszeniem znanych polskich\nartyst\u00f3w takich jak: Bogus\u0142aw Morka, Anna Jeremus-Lewandowska,\nKrzysztof Marciniak, Romuald Spychalski, Rafa\u0142 Songen, Wies\u0142aw\nBednarek.\n<\/p>\n\n\n\n<p class=\"has-medium-font-size\">Orkiestra\nzapraszana by\u0142a na koncerty m.in. do Warszawy, \u0141owicza, Kutna\n(Letni Festiwal Muzyczny), \u0141odzi (Europejskie Centrum Kultury Logos\n&#8211; Ko\u015bci\u00f3\u0142 Rektoralny \u015arodowisk Tw\u00f3rczych), Ostrowii Mazowieckiej\noraz innych miast. \n<\/p>\n\n\n\n<p class=\"has-medium-font-size\">Do\nchwili obecnej orkiestra wykona\u0142a ok. 70 koncert\u00f3w.<\/p>\n","protected":false},"excerpt":{"rendered":"<p>Orkiestra Camerata Mazovia powsta\u0142a w 2004 r. na bazie zespo\u0142u dzia\u0142aj\u0105cego w by\u0142ym Klubie Nauczyciela. Zesp\u00f3\u0142 ten prowadzi\u0142 Mieczys\u0142aw Nowacki &#8211; za\u0142o\u017cyciel Szko\u0142y Muzycznej w Sochaczewie i jej wieloletni dyrektor. Do dzisiaj wielu muzyk\u00f3w Cameraty to osoby wywodz\u0105ce si\u0119 z tej w\u0142a\u015bnie formacji. Artur Komorowski zastosowa\u0142 inn\u0105 formu\u0142\u0119 organizacyjn\u0105 przyjmuj\u0105c straussowski model orkiestry, kt\u00f3ry najpe\u0142niej realizuje za\u0142o\u017cenia wykonawcze dla tego&hellip;<\/p>\n","protected":false},"author":1,"featured_media":0,"parent":0,"menu_order":0,"comment_status":"closed","ping_status":"closed","template":"","meta":{"footnotes":""},"class_list":["post-24","page","type-page","status-publish","hentry"],"_links":{"self":[{"href":"https:\/\/cameratamazovia.pl\/index.php?rest_route=\/wp\/v2\/pages\/24","targetHints":{"allow":["GET"]}}],"collection":[{"href":"https:\/\/cameratamazovia.pl\/index.php?rest_route=\/wp\/v2\/pages"}],"about":[{"href":"https:\/\/cameratamazovia.pl\/index.php?rest_route=\/wp\/v2\/types\/page"}],"author":[{"embeddable":true,"href":"https:\/\/cameratamazovia.pl\/index.php?rest_route=\/wp\/v2\/users\/1"}],"replies":[{"embeddable":true,"href":"https:\/\/cameratamazovia.pl\/index.php?rest_route=%2Fwp%2Fv2%2Fcomments&post=24"}],"version-history":[{"count":1,"href":"https:\/\/cameratamazovia.pl\/index.php?rest_route=\/wp\/v2\/pages\/24\/revisions"}],"predecessor-version":[{"id":25,"href":"https:\/\/cameratamazovia.pl\/index.php?rest_route=\/wp\/v2\/pages\/24\/revisions\/25"}],"wp:attachment":[{"href":"https:\/\/cameratamazovia.pl\/index.php?rest_route=%2Fwp%2Fv2%2Fmedia&parent=24"}],"curies":[{"name":"wp","href":"https:\/\/api.w.org\/{rel}","templated":true}]}}

<p class="has-medium-font-size"><strong>Orkiestra Camerata Mazovia powstała w 2004 r. na bazie zespołu działającego w byłym Klubie Nauczyciela. Zespół ten prowadził Mieczysław Nowacki &#8211; założyciel Szkoły Muzycznej w Sochaczewie i jej wieloletni dyrektor. Do dzisiaj wielu muzyków Cameraty to osoby wywodzące się z tej właśnie formacji.  </strong></p>



<p class="has-medium-font-size">Artur Komorowski zastosował inną formułę organizacyjną przyjmując straussowski model orkiestry, który najpełniej realizuje założenia wykonawcze dla tego typu zespołów. Jednocześnie przyjęto nazwę Camerata Mazovia i niedługo potem zespół zmienił swoją siedzibę przenosząc się do budynku przy ul. 15 Sierpnia 83. </p>



<p class="has-medium-font-size">Od
2006 roku orkiestra współpracuje z solistami Teatru Wielkiego w
Łodzi. Współpraca ta zaowocowała rozszerzeniem repertuaru
orkiestry o utwory operowe, operetkowe oraz musicalowe. Orkiestra
uczestniczyła w wielu koncertach z towarzyszeniem znanych polskich
artystów takich jak: Bogusław Morka, Anna Jeremus-Lewandowska,
Krzysztof Marciniak, Romuald Spychalski, Rafał Songen, Wiesław
Bednarek.
</p>



<p class="has-medium-font-size">Orkiestra
zapraszana była na koncerty m.in. do Warszawy, Łowicza, Kutna
(Letni Festiwal Muzyczny), Łodzi (Europejskie Centrum Kultury Logos
&#8211; Kościół Rektoralny Środowisk Twórczych), Ostrowii Mazowieckiej
oraz innych miast. 
</p>



<p class="has-medium-font-size">Do
chwili obecnej orkiestra wykonała ok. 70 koncertów.</p>

<p>Orkiestra Camerata Mazovia powstała w 2004 r. na bazie zespołu działającego w byłym Klubie Nauczyciela. Zespół ten prowadził Mieczysław Nowacki &#8211; założyciel Szkoły Muzycznej w Sochaczewie i jej wieloletni dyrektor. Do dzisiaj wielu muzyków Cameraty to osoby wywodzące się z tej właśnie formacji. Artur Komorowski zastosował inną formułę organizacyjną przyjmując straussowski model orkiestry, który najpełniej realizuje założenia wykonawcze dla tego&hellip;</p>
