{"id":20,"date":"2019-02-19T01:47:29","date_gmt":"2019-02-19T00:47:29","guid":{"rendered":"http:\/\/cameratamazovia.pl\/?page_id=20"},"modified":"2026-03-08T09:13:47","modified_gmt":"2026-03-08T08:13:47","slug":"o-nas","status":"publish","type":"page","link":"https:\/\/cameratamazovia.pl\/","title":{"rendered":"O nas"},"content":{"rendered":"\n<p class=\"has-small-font-size\">(fot. Przemko Stachowski)<\/p>\n\n\n\n<p class=\"has-medium-font-size\"><strong>Orkiestra Kameralna CAMERATA MAZOVIA dzia\u0142a od kwietnia 2004 r. Jej g\u0142\u00f3wn\u0105 siedzib\u0105 jest Sochaczewskie Centrum Kultury przy ul. 15 Sierpnia 83 w Sochaczewie.<\/strong><\/p>\n\n\n\n<p class=\"has-medium-font-size\">Od samego pocz\u0105tku istnienia orkiestry kierownikiem\nartystycznym i dyrygentem jest Artur Komorowski &#8211; kontrabasista,\ndyrygent, aran\u017cer i pedagog.<\/p>\n\n\n\n<p class=\"has-medium-font-size\">Zesp\u00f3\u0142 tworz\u0105 muzycy graj\u0105cy na instrumentach\nsmyczkowych, d\u0119tych, klawiszowych i perkusyjnych. Do zespo\u0142u w\nci\u0105gu ostatnich lat do\u0142\u0105czyli muzycy z \u0141odzi i Warszawy kt\u00f3rzy\n\u015bwietnie zgrali si\u0119 z sochaczewskim filarem orkiestry. Cz\u0119stymi\ngo\u015b\u0107mi na koncertach orkiestry s\u0105 arty\u015bci scen polskich. \n<\/p>\n\n\n\n<p class=\"has-medium-font-size\">Sk\u0142ad i profesjonalizm muzyk\u00f3w orkiestry pozwalaj\u0105 na wykonywanie r\u00f3\u017cnorodnego repertuaru od klasyki po muzyk\u0119 wsp\u00f3\u0142czesn\u0105. Zesp\u00f3\u0142 jest swoist\u0105 wizyt\u00f3wk\u0105 miasta Sochaczew. Zdobywa coraz wi\u0119ksze grono wiernych s\u0142uchaczy, a jego szeroka dzia\u0142alno\u015b\u0107 artystyczna zyskuje na znaczeniu w \u017cyciu muzycznym miasta.  <\/p>\n\n\n\n<p class=\"has-very-dark-gray-color has-text-color has-small-font-size\">(fot. Przemko Stachowski)<\/p>\n\n\n\n<h1 class=\"wp-block-heading\">Odznaczeni Orderem &#8222;Zas\u0142u\u017cony dla Kultury Polskiej&#8221;<\/h1>\n\n\n\n<p class=\"has-drop-cap has-medium-font-size\">Dyrygent i dyrektor  artystyczny orkiestry Camerata Mazovia Artur Komorowski, z r\u0105k  burmistrza Piotra Osieckiego i przewodnicz\u0105cego rady miasta Sylwestra Kaczmarka, odebra\u0142 odznak\u0119 &#8211; &#8222;Zas\u0142u\u017cony dla Kultury  Polskiej&#8221; przyznan\u0105 przez Ministra Kultury i Dziedzictwa Narodowego. Artur Komorowski dzi\u0119kuj\u0105c za wyr\u00f3\u017cnienie podkre\u015bli\u0142, \u017ce to odznaka dla wszystkich, kt\u00f3rzy na przestrzeni pi\u0119tnastu lat tworzyli orkiestr\u0119 i j\u0105 wspierali. Jak podkre\u015bli\u0142, mia\u0142 szcz\u0119\u015bcie do ludzi, bo bez dobrej woli i \u017cyczliwo\u015bci projekt pod nazw\u0105 Camerata Mazovia nie doszed\u0142by do skutku.<\/p>\n\n\n\n<figure class=\"wp-block-gallery has-nested-images columns-1 is-cropped wp-block-gallery-1 is-layout-flex wp-block-gallery-is-layout-flex\">\n<figure class=\"wp-block-image\"><a href=\"https:\/\/cameratamazovia.pl\/wp-content\/uploads\/2019\/09\/65386794_2328498460758106_5751447932217851904_o.jpg\"><img fetchpriority=\"high\" decoding=\"async\" width=\"1024\" height=\"576\" data-id=\"1002\" src=\"https:\/\/cameratamazovia.pl\/wp-content\/uploads\/2019\/09\/65386794_2328498460758106_5751447932217851904_o-1024x576.jpg\" alt=\"\" class=\"wp-image-1002\" srcset=\"https:\/\/cameratamazovia.pl\/wp-content\/uploads\/2019\/09\/65386794_2328498460758106_5751447932217851904_o-1024x576.jpg 1024w, https:\/\/cameratamazovia.pl\/wp-content\/uploads\/2019\/09\/65386794_2328498460758106_5751447932217851904_o-300x169.jpg 300w, https:\/\/cameratamazovia.pl\/wp-content\/uploads\/2019\/09\/65386794_2328498460758106_5751447932217851904_o-768x432.jpg 768w, https:\/\/cameratamazovia.pl\/wp-content\/uploads\/2019\/09\/65386794_2328498460758106_5751447932217851904_o-800x450.jpg 800w, https:\/\/cameratamazovia.pl\/wp-content\/uploads\/2019\/09\/65386794_2328498460758106_5751447932217851904_o.jpg 2048w\" sizes=\"(max-width: 1024px) 100vw, 1024px\" \/><\/a><\/figure>\n\n\n\n<figure class=\"wp-block-image\"><a href=\"https:\/\/cameratamazovia.pl\/wp-content\/uploads\/2019\/09\/65828104_2328503124090973_6279063627781636096_o.jpg\"><img decoding=\"async\" width=\"1024\" height=\"576\" data-id=\"1003\" src=\"https:\/\/cameratamazovia.pl\/wp-content\/uploads\/2019\/09\/65828104_2328503124090973_6279063627781636096_o-1024x576.jpg\" alt=\"\" class=\"wp-image-1003\" srcset=\"https:\/\/cameratamazovia.pl\/wp-content\/uploads\/2019\/09\/65828104_2328503124090973_6279063627781636096_o-1024x576.jpg 1024w, https:\/\/cameratamazovia.pl\/wp-content\/uploads\/2019\/09\/65828104_2328503124090973_6279063627781636096_o-300x169.jpg 300w, https:\/\/cameratamazovia.pl\/wp-content\/uploads\/2019\/09\/65828104_2328503124090973_6279063627781636096_o-768x432.jpg 768w, https:\/\/cameratamazovia.pl\/wp-content\/uploads\/2019\/09\/65828104_2328503124090973_6279063627781636096_o-800x450.jpg 800w, https:\/\/cameratamazovia.pl\/wp-content\/uploads\/2019\/09\/65828104_2328503124090973_6279063627781636096_o.jpg 2048w\" sizes=\"(max-width: 1024px) 100vw, 1024px\" \/><\/a><\/figure>\n\n\n\n<figure class=\"wp-block-image\"><a href=\"https:\/\/cameratamazovia.pl\/wp-content\/uploads\/2019\/09\/66059120_2328499047424714_7263794659753721856_o.jpg\"><img decoding=\"async\" width=\"1024\" height=\"576\" data-id=\"1004\" src=\"https:\/\/cameratamazovia.pl\/wp-content\/uploads\/2019\/09\/66059120_2328499047424714_7263794659753721856_o-1024x576.jpg\" alt=\"\" class=\"wp-image-1004\" srcset=\"https:\/\/cameratamazovia.pl\/wp-content\/uploads\/2019\/09\/66059120_2328499047424714_7263794659753721856_o-1024x576.jpg 1024w, https:\/\/cameratamazovia.pl\/wp-content\/uploads\/2019\/09\/66059120_2328499047424714_7263794659753721856_o-300x169.jpg 300w, https:\/\/cameratamazovia.pl\/wp-content\/uploads\/2019\/09\/66059120_2328499047424714_7263794659753721856_o-768x432.jpg 768w, https:\/\/cameratamazovia.pl\/wp-content\/uploads\/2019\/09\/66059120_2328499047424714_7263794659753721856_o-800x450.jpg 800w, https:\/\/cameratamazovia.pl\/wp-content\/uploads\/2019\/09\/66059120_2328499047424714_7263794659753721856_o.jpg 2048w\" sizes=\"(max-width: 1024px) 100vw, 1024px\" \/><\/a><\/figure>\n<\/figure>\n\n\n\n<h1 class=\"wp-block-heading\">Podzi\u0119kowania od w\u0142adz miasta<\/h1>\n\n\n\n<figure class=\"wp-block-image is-resized\"><img loading=\"lazy\" decoding=\"async\" width=\"595\" height=\"842\" src=\"http:\/\/cameratamazovia.pl\/wp-content\/uploads\/2019\/06\/62511251_2314736448800974_3854798109540352000_n-1.jpg\" alt=\"\" class=\"wp-image-796\" style=\"width:820px;height:1160px\" srcset=\"https:\/\/cameratamazovia.pl\/wp-content\/uploads\/2019\/06\/62511251_2314736448800974_3854798109540352000_n-1.jpg 595w, https:\/\/cameratamazovia.pl\/wp-content\/uploads\/2019\/06\/62511251_2314736448800974_3854798109540352000_n-1-212x300.jpg 212w\" sizes=\"(max-width: 595px) 100vw, 595px\" \/><\/figure>\n\n\n\n<p class=\"has-drop-cap has-medium-font-size\">Mi\u0142o nam poinformowa\u0107, \u017ce w pi\u0105tek 7 czerwca na uroczystej inauguracji obchod\u00f3w Dni Sochaczewa &#8211; \u015awi\u0119ta Mieszka\u0144c\u00f3w, burmistrz Piotr Osiecki oraz przewodnicz\u0105cy rady miasta Sylwester Kaczmarek przekazali wyrazy uznania i podzi\u0119kowania za doskona\u0142\u0105 wsp\u00f3\u0142prac\u0119 dyrektorowi Orkiestry Kameralnej Camerata Mazovia Arturowi Komorowskiemu.<\/p>\n\n\n\n<figure class=\"wp-block-gallery has-nested-images columns-default is-cropped wp-block-gallery-2 is-layout-flex wp-block-gallery-is-layout-flex\">\n<figure class=\"wp-block-image\"><img loading=\"lazy\" decoding=\"async\" width=\"1024\" height=\"683\" data-id=\"790\" src=\"https:\/\/cameratamazovia.pl\/wp-content\/uploads\/2019\/06\/64277441_2314736472134305_1814128305327046656_o-1024x683.jpg\" alt=\"\" class=\"wp-image-790\" srcset=\"https:\/\/cameratamazovia.pl\/wp-content\/uploads\/2019\/06\/64277441_2314736472134305_1814128305327046656_o-1024x683.jpg 1024w, https:\/\/cameratamazovia.pl\/wp-content\/uploads\/2019\/06\/64277441_2314736472134305_1814128305327046656_o-300x200.jpg 300w, https:\/\/cameratamazovia.pl\/wp-content\/uploads\/2019\/06\/64277441_2314736472134305_1814128305327046656_o-768x512.jpg 768w, https:\/\/cameratamazovia.pl\/wp-content\/uploads\/2019\/06\/64277441_2314736472134305_1814128305327046656_o-800x533.jpg 800w, https:\/\/cameratamazovia.pl\/wp-content\/uploads\/2019\/06\/64277441_2314736472134305_1814128305327046656_o.jpg 2048w\" sizes=\"(max-width: 1024px) 100vw, 1024px\" \/><\/figure>\n\n\n\n<figure class=\"wp-block-image\"><img loading=\"lazy\" decoding=\"async\" width=\"1024\" height=\"683\" data-id=\"792\" src=\"https:\/\/cameratamazovia.pl\/wp-content\/uploads\/2019\/06\/64308764_2314736355467650_6194388772742758400_o-1024x683.jpg\" alt=\"\" class=\"wp-image-792\" srcset=\"https:\/\/cameratamazovia.pl\/wp-content\/uploads\/2019\/06\/64308764_2314736355467650_6194388772742758400_o-1024x683.jpg 1024w, https:\/\/cameratamazovia.pl\/wp-content\/uploads\/2019\/06\/64308764_2314736355467650_6194388772742758400_o-300x200.jpg 300w, https:\/\/cameratamazovia.pl\/wp-content\/uploads\/2019\/06\/64308764_2314736355467650_6194388772742758400_o-768x512.jpg 768w, https:\/\/cameratamazovia.pl\/wp-content\/uploads\/2019\/06\/64308764_2314736355467650_6194388772742758400_o-800x533.jpg 800w, https:\/\/cameratamazovia.pl\/wp-content\/uploads\/2019\/06\/64308764_2314736355467650_6194388772742758400_o.jpg 2048w\" sizes=\"(max-width: 1024px) 100vw, 1024px\" \/><\/figure>\n<\/figure>\n","protected":false},"excerpt":{"rendered":"<p>(fot. Przemko Stachowski) Orkiestra Kameralna CAMERATA MAZOVIA dzia\u0142a od kwietnia 2004 r. Jej g\u0142\u00f3wn\u0105 siedzib\u0105 jest Sochaczewskie Centrum Kultury przy ul. 15 Sierpnia 83 w Sochaczewie. Od samego pocz\u0105tku istnienia orkiestry kierownikiem artystycznym i dyrygentem jest Artur Komorowski &#8211; kontrabasista, dyrygent, aran\u017cer i pedagog. Zesp\u00f3\u0142 tworz\u0105 muzycy graj\u0105cy na instrumentach smyczkowych, d\u0119tych, klawiszowych i perkusyjnych. Do zespo\u0142u w ci\u0105gu ostatnich&hellip;<\/p>\n","protected":false},"author":1,"featured_media":23,"parent":0,"menu_order":0,"comment_status":"closed","ping_status":"closed","template":"","meta":{"footnotes":""},"class_list":["post-20","page","type-page","status-publish","has-post-thumbnail","hentry"],"_links":{"self":[{"href":"https:\/\/cameratamazovia.pl\/index.php?rest_route=\/wp\/v2\/pages\/20","targetHints":{"allow":["GET"]}}],"collection":[{"href":"https:\/\/cameratamazovia.pl\/index.php?rest_route=\/wp\/v2\/pages"}],"about":[{"href":"https:\/\/cameratamazovia.pl\/index.php?rest_route=\/wp\/v2\/types\/page"}],"author":[{"embeddable":true,"href":"https:\/\/cameratamazovia.pl\/index.php?rest_route=\/wp\/v2\/users\/1"}],"replies":[{"embeddable":true,"href":"https:\/\/cameratamazovia.pl\/index.php?rest_route=%2Fwp%2Fv2%2Fcomments&post=20"}],"version-history":[{"count":13,"href":"https:\/\/cameratamazovia.pl\/index.php?rest_route=\/wp\/v2\/pages\/20\/revisions"}],"predecessor-version":[{"id":1252,"href":"https:\/\/cameratamazovia.pl\/index.php?rest_route=\/wp\/v2\/pages\/20\/revisions\/1252"}],"wp:featuredmedia":[{"embeddable":true,"href":"https:\/\/cameratamazovia.pl\/index.php?rest_route=\/wp\/v2\/media\/23"}],"wp:attachment":[{"href":"https:\/\/cameratamazovia.pl\/index.php?rest_route=%2Fwp%2Fv2%2Fmedia&parent=20"}],"curies":[{"name":"wp","href":"https:\/\/api.w.org\/{rel}","templated":true}]}}