{"id":1161,"date":"2022-09-15T23:39:21","date_gmt":"2022-09-15T21:39:21","guid":{"rendered":"https:\/\/cameratamazovia.pl\/?page_id=1161"},"modified":"2022-09-15T23:39:25","modified_gmt":"2022-09-15T21:39:25","slug":"2020-2","status":"publish","type":"page","link":"https:\/\/cameratamazovia.pl\/?page_id=1161","title":{"rendered":"2020"},"content":{"rendered":"\n<p>Niedziela z Camerat\u0105 &#8211; reporta\u017c z wyjazdu na Litw\u0119<\/p>\n\n\n\n<p>W niedziel\u0119 31 maja o godz. 19.00 na profilu e-SCK na Facebooku, w ramach cyklu &#8222;Niedziela z Camerat\u0105&#8221;, zaprezentowany zosta\u0142 reporta\u017c z wyjazdu orkiestry na Litw\u0119. Tam w 2017 roku, w ramach cyklu koncert\u00f3w symfonicznych \u201eMuzyka polska w kontek\u015bcie chrze\u015bcija\u0144skiej to\u017csamo\u015bci  narodu&#8221; Camerata Mazovia pod dyr. Artura Komorowskiego zagra\u0142a koncert muzyki polskiej  pt. \u201eNar\u00f3d &#8211; Muzyka &#8211; To\u017csamo\u015b\u0107\u201d. Orkiestra wyst\u0105pi\u0142a na Litwie dwukrotnie &#8211; w polskim ko\u015bciele pw. Wniebowzi\u0119cia Naj\u015bwi\u0119tszej Maryi Panny w Wilnie oraz w Pa\u0142acu Tyszkiewicz\u00f3w w Trokach. <\/p>\n\n\n\n<p><br>Autor reporta\u017cu: Gamid Ibadullayev<\/p>\n\n\n\n<figure class=\"wp-block-video\"><video autoplay controls src=\"https:\/\/sck.sochaczew.pl\/wp-content\/uploads\/2022\/09\/02-Reportaz-z-Litwy-Ok.mp4\"><\/video><\/figure>\n","protected":false},"excerpt":{"rendered":"<p>Niedziela z Camerat\u0105 &#8211; reporta\u017c z wyjazdu na Litw\u0119 W niedziel\u0119 31 maja o godz. 19.00 na profilu e-SCK na Facebooku, w ramach cyklu &#8222;Niedziela z Camerat\u0105&#8221;, zaprezentowany zosta\u0142 reporta\u017c z wyjazdu orkiestry na Litw\u0119. Tam w 2017 roku, w ramach cyklu koncert\u00f3w symfonicznych \u201eMuzyka polska w kontek\u015bcie chrze\u015bcija\u0144skiej to\u017csamo\u015bci narodu&#8221; Camerata Mazovia pod dyr. Artura Komorowskiego zagra\u0142a koncert muzyki&hellip;<\/p>\n","protected":false},"author":1,"featured_media":0,"parent":0,"menu_order":0,"comment_status":"closed","ping_status":"closed","template":"","meta":{"footnotes":""},"class_list":["post-1161","page","type-page","status-publish","hentry"],"_links":{"self":[{"href":"https:\/\/cameratamazovia.pl\/index.php?rest_route=\/wp\/v2\/pages\/1161","targetHints":{"allow":["GET"]}}],"collection":[{"href":"https:\/\/cameratamazovia.pl\/index.php?rest_route=\/wp\/v2\/pages"}],"about":[{"href":"https:\/\/cameratamazovia.pl\/index.php?rest_route=\/wp\/v2\/types\/page"}],"author":[{"embeddable":true,"href":"https:\/\/cameratamazovia.pl\/index.php?rest_route=\/wp\/v2\/users\/1"}],"replies":[{"embeddable":true,"href":"https:\/\/cameratamazovia.pl\/index.php?rest_route=%2Fwp%2Fv2%2Fcomments&post=1161"}],"version-history":[{"count":1,"href":"https:\/\/cameratamazovia.pl\/index.php?rest_route=\/wp\/v2\/pages\/1161\/revisions"}],"predecessor-version":[{"id":1162,"href":"https:\/\/cameratamazovia.pl\/index.php?rest_route=\/wp\/v2\/pages\/1161\/revisions\/1162"}],"wp:attachment":[{"href":"https:\/\/cameratamazovia.pl\/index.php?rest_route=%2Fwp%2Fv2%2Fmedia&parent=1161"}],"curies":[{"name":"wp","href":"https:\/\/api.w.org\/{rel}","templated":true}]}}