{"id":1156,"date":"2022-09-15T22:02:45","date_gmt":"2022-09-15T20:02:45","guid":{"rendered":"https:\/\/cameratamazovia.pl\/?page_id=1156"},"modified":"2022-09-15T22:02:47","modified_gmt":"2022-09-15T20:02:47","slug":"2019-2","status":"publish","type":"page","link":"https:\/\/cameratamazovia.pl\/?page_id=1156","title":{"rendered":"2019"},"content":{"rendered":"\n<p>15-TE URODZINY ORKIESTRY KAMERALNEJ CAMERATA MAZOVIA \u2013 KONCERT GALOWY<\/p>\n\n\n\n<p><strong>Niedzielny wiecz\u00f3r 30 czerwca nale\u017ca\u0142 do Orkiestry Kameralnej Camerata Mazovia, kt\u00f3ra na scenie letniej w Sochaczewskim Centrum Kultury w Boryszewie zagra\u0142a jubileuszowy koncert z okazji 15-lecia istnienia. By\u0142a to uroczysta gala pod Patronatem Burmistrza Miasta Sochaczew, w kt\u00f3rej wyst\u0105pili tak\u017ce przyjaciele orkiestry: Anna Jeremus \u2013 Lewandowska, Marta Ksi\u0105\u017cek, Pawe\u0142 Wolski, Adam Manijak oraz Zesp\u00f3\u0142 Taneczny \u201cAbstrakt\u201d. Blisko dwugodzinny koncert zachwyci\u0142 licznie zgromadzon\u0105 publiczno\u015b\u0107, kt\u00f3ra na koniec nagrodzi\u0142a muzyk\u00f3w owacj\u0105 na stoj\u0105co. W trakcie gali dyrygent i dyrektor artystyczny orkiestry Camerata Mazovia Artur Komorowski, z r\u0105k burmistrza Piotra Osieckiego, dosta\u0142 odznak\u0119 \u2013 \u201cZas\u0142u\u017cony dla Kultury Polskiej\u201d Ministerstwa Kultury i Dziedzictwa Narodowego.<\/strong><\/p>\n\n\n\n<p><br><strong>Fot. Iza Strzelecka<\/strong><br><br><br>Szersza fotorelacja z koncertu dost\u0119pna na facebooku:\u00a0<a href=\"https:\/\/www.facebook.com\/pg\/sochaczewskie.centrum.kultury\/photos\/?tab=album&amp;album_id=2328498364091449&amp;__xts__%5B0%5D=68.ARBZCT7dLM7RFK83lzxSP6aZn6jZUVkFdts58CfphYBUGEZjRLn69ufAk87httoFMVCapgNsRLwQHrBgaaue1gnqUMzjPgl4dZFPI7W2u87BDDrAwafW6PbQR9X0AxHlOQqicvCByDhTUJRzTSfsIzJmbAO11CdD80s_Tmc4JL-hQI1td9fzdXVPH1BhbXmvz60H01K9X2z8NbVZBslmOAJmsSc64uOPAzTohB_ykha7Dzn7FYcjy9zfUUrV_e6aMRyBordWMYhD9h5sx8n8p3sQcjAgLIchnmIYKowsHpiGiVuat9DdN2uFrtEzQe_3SV0uPec419kKe9hsapH6vwcDnPRzEdoew6_TcmuSIKRSjuEVl15_TdDDTTPlS2PBIEoqJq5HdR5IlKFcSW0Cygip3M9JSmtbEzjNDiogVC9EDMg7xLR7tzBUVL9H6phqNthBaKssTK1cPIamICCN_l-f5FPwIvt15QO2oGZxKwDoc9c-W6ub4eWI71fdrLOGJI6HcvIv2wdjDc3TdlO5O_IMG82rmg7b-78md22umbQweXjv&amp;__tn__=-UC-R\"><strong>TUTAJ<\/strong><\/a><\/p>\n\n\n\n<figure class=\"wp-block-gallery has-nested-images columns-default is-cropped wp-block-gallery-1 is-layout-flex wp-block-gallery-is-layout-flex\">\n<figure class=\"wp-block-image size-large\"><img fetchpriority=\"high\" decoding=\"async\" width=\"768\" height=\"543\" data-id=\"1154\" src=\"http:\/\/cameratamazovia.pl\/wp-content\/uploads\/2022\/09\/camerata-gala-1-768x543-1.jpg\" alt=\"\" class=\"wp-image-1154\" srcset=\"https:\/\/cameratamazovia.pl\/wp-content\/uploads\/2022\/09\/camerata-gala-1-768x543-1.jpg 768w, https:\/\/cameratamazovia.pl\/wp-content\/uploads\/2022\/09\/camerata-gala-1-768x543-1-300x212.jpg 300w\" sizes=\"(max-width: 768px) 100vw, 768px\" \/><\/figure>\n\n\n\n<figure class=\"wp-block-image size-large\"><img decoding=\"async\" width=\"800\" height=\"450\" data-id=\"1152\" src=\"http:\/\/cameratamazovia.pl\/wp-content\/uploads\/2022\/09\/DSC02202.jpg\" alt=\"\" class=\"wp-image-1152\" srcset=\"https:\/\/cameratamazovia.pl\/wp-content\/uploads\/2022\/09\/DSC02202.jpg 800w, https:\/\/cameratamazovia.pl\/wp-content\/uploads\/2022\/09\/DSC02202-300x169.jpg 300w, https:\/\/cameratamazovia.pl\/wp-content\/uploads\/2022\/09\/DSC02202-768x432.jpg 768w\" sizes=\"(max-width: 800px) 100vw, 800px\" \/><\/figure>\n\n\n\n<figure class=\"wp-block-image size-large\"><img decoding=\"async\" width=\"800\" height=\"450\" data-id=\"1153\" src=\"http:\/\/cameratamazovia.pl\/wp-content\/uploads\/2022\/09\/DSC02460.jpg\" alt=\"\" class=\"wp-image-1153\" srcset=\"https:\/\/cameratamazovia.pl\/wp-content\/uploads\/2022\/09\/DSC02460.jpg 800w, https:\/\/cameratamazovia.pl\/wp-content\/uploads\/2022\/09\/DSC02460-300x169.jpg 300w, https:\/\/cameratamazovia.pl\/wp-content\/uploads\/2022\/09\/DSC02460-768x432.jpg 768w\" sizes=\"(max-width: 800px) 100vw, 800px\" \/><\/figure>\n\n\n\n<figure class=\"wp-block-image size-large\"><img loading=\"lazy\" decoding=\"async\" width=\"800\" height=\"450\" data-id=\"1149\" src=\"http:\/\/cameratamazovia.pl\/wp-content\/uploads\/2022\/09\/DSC02099.jpg\" alt=\"\" class=\"wp-image-1149\" srcset=\"https:\/\/cameratamazovia.pl\/wp-content\/uploads\/2022\/09\/DSC02099.jpg 800w, https:\/\/cameratamazovia.pl\/wp-content\/uploads\/2022\/09\/DSC02099-300x169.jpg 300w, https:\/\/cameratamazovia.pl\/wp-content\/uploads\/2022\/09\/DSC02099-768x432.jpg 768w\" sizes=\"(max-width: 800px) 100vw, 800px\" \/><\/figure>\n\n\n\n<figure class=\"wp-block-image size-large\"><img loading=\"lazy\" decoding=\"async\" width=\"800\" height=\"450\" data-id=\"1150\" src=\"http:\/\/cameratamazovia.pl\/wp-content\/uploads\/2022\/09\/DSC02218.jpg\" alt=\"\" class=\"wp-image-1150\" srcset=\"https:\/\/cameratamazovia.pl\/wp-content\/uploads\/2022\/09\/DSC02218.jpg 800w, https:\/\/cameratamazovia.pl\/wp-content\/uploads\/2022\/09\/DSC02218-300x169.jpg 300w, https:\/\/cameratamazovia.pl\/wp-content\/uploads\/2022\/09\/DSC02218-768x432.jpg 768w\" sizes=\"(max-width: 800px) 100vw, 800px\" \/><\/figure>\n\n\n\n<figure class=\"wp-block-image size-large\"><img loading=\"lazy\" decoding=\"async\" width=\"800\" height=\"450\" data-id=\"1151\" src=\"http:\/\/cameratamazovia.pl\/wp-content\/uploads\/2022\/09\/DSC02082.jpg\" alt=\"\" class=\"wp-image-1151\" srcset=\"https:\/\/cameratamazovia.pl\/wp-content\/uploads\/2022\/09\/DSC02082.jpg 800w, https:\/\/cameratamazovia.pl\/wp-content\/uploads\/2022\/09\/DSC02082-300x169.jpg 300w, https:\/\/cameratamazovia.pl\/wp-content\/uploads\/2022\/09\/DSC02082-768x432.jpg 768w\" sizes=\"(max-width: 800px) 100vw, 800px\" \/><\/figure>\n\n\n\n<figure class=\"wp-block-image size-large\"><img loading=\"lazy\" decoding=\"async\" width=\"800\" height=\"450\" data-id=\"1148\" src=\"http:\/\/cameratamazovia.pl\/wp-content\/uploads\/2022\/09\/DSC02497.jpg\" alt=\"\" class=\"wp-image-1148\" srcset=\"https:\/\/cameratamazovia.pl\/wp-content\/uploads\/2022\/09\/DSC02497.jpg 800w, https:\/\/cameratamazovia.pl\/wp-content\/uploads\/2022\/09\/DSC02497-300x169.jpg 300w, https:\/\/cameratamazovia.pl\/wp-content\/uploads\/2022\/09\/DSC02497-768x432.jpg 768w\" sizes=\"(max-width: 800px) 100vw, 800px\" \/><\/figure>\n\n\n\n<figure class=\"wp-block-image size-large\"><img loading=\"lazy\" decoding=\"async\" width=\"800\" height=\"450\" data-id=\"1147\" src=\"http:\/\/cameratamazovia.pl\/wp-content\/uploads\/2022\/09\/DSC02091.jpg\" alt=\"\" class=\"wp-image-1147\" srcset=\"https:\/\/cameratamazovia.pl\/wp-content\/uploads\/2022\/09\/DSC02091.jpg 800w, https:\/\/cameratamazovia.pl\/wp-content\/uploads\/2022\/09\/DSC02091-300x169.jpg 300w, https:\/\/cameratamazovia.pl\/wp-content\/uploads\/2022\/09\/DSC02091-768x432.jpg 768w\" sizes=\"(max-width: 800px) 100vw, 800px\" \/><\/figure>\n\n\n\n<figure class=\"wp-block-image size-large\"><img loading=\"lazy\" decoding=\"async\" width=\"800\" height=\"450\" data-id=\"1146\" src=\"http:\/\/cameratamazovia.pl\/wp-content\/uploads\/2022\/09\/DSC02323.jpg\" alt=\"\" class=\"wp-image-1146\" srcset=\"https:\/\/cameratamazovia.pl\/wp-content\/uploads\/2022\/09\/DSC02323.jpg 800w, https:\/\/cameratamazovia.pl\/wp-content\/uploads\/2022\/09\/DSC02323-300x169.jpg 300w, https:\/\/cameratamazovia.pl\/wp-content\/uploads\/2022\/09\/DSC02323-768x432.jpg 768w\" sizes=\"(max-width: 800px) 100vw, 800px\" \/><\/figure>\n<\/figure>\n","protected":false},"excerpt":{"rendered":"<p>15-TE URODZINY ORKIESTRY KAMERALNEJ CAMERATA MAZOVIA \u2013 KONCERT GALOWY Niedzielny wiecz\u00f3r 30 czerwca nale\u017ca\u0142 do Orkiestry Kameralnej Camerata Mazovia, kt\u00f3ra na scenie letniej w Sochaczewskim Centrum Kultury w Boryszewie zagra\u0142a jubileuszowy koncert z okazji 15-lecia istnienia. By\u0142a to uroczysta gala pod Patronatem Burmistrza Miasta Sochaczew, w kt\u00f3rej wyst\u0105pili tak\u017ce przyjaciele orkiestry: Anna Jeremus \u2013 Lewandowska, Marta Ksi\u0105\u017cek, Pawe\u0142 Wolski, Adam&hellip;<\/p>\n","protected":false},"author":1,"featured_media":0,"parent":0,"menu_order":0,"comment_status":"closed","ping_status":"closed","template":"","meta":{"footnotes":""},"class_list":["post-1156","page","type-page","status-publish","hentry"],"_links":{"self":[{"href":"https:\/\/cameratamazovia.pl\/index.php?rest_route=\/wp\/v2\/pages\/1156","targetHints":{"allow":["GET"]}}],"collection":[{"href":"https:\/\/cameratamazovia.pl\/index.php?rest_route=\/wp\/v2\/pages"}],"about":[{"href":"https:\/\/cameratamazovia.pl\/index.php?rest_route=\/wp\/v2\/types\/page"}],"author":[{"embeddable":true,"href":"https:\/\/cameratamazovia.pl\/index.php?rest_route=\/wp\/v2\/users\/1"}],"replies":[{"embeddable":true,"href":"https:\/\/cameratamazovia.pl\/index.php?rest_route=%2Fwp%2Fv2%2Fcomments&post=1156"}],"version-history":[{"count":1,"href":"https:\/\/cameratamazovia.pl\/index.php?rest_route=\/wp\/v2\/pages\/1156\/revisions"}],"predecessor-version":[{"id":1157,"href":"https:\/\/cameratamazovia.pl\/index.php?rest_route=\/wp\/v2\/pages\/1156\/revisions\/1157"}],"wp:attachment":[{"href":"https:\/\/cameratamazovia.pl\/index.php?rest_route=%2Fwp%2Fv2%2Fmedia&parent=1156"}],"curies":[{"name":"wp","href":"https:\/\/api.w.org\/{rel}","templated":true}]}}